 4897 and 1328?
83
Calculate the greatest common factor of 1288 and 12052.
92
What is the greatest common factor of 17 and 833?
17
Calculate the highest common divisor of 172704 and 224.
224
What is the highest common divisor of 111 and 877307?
37
What is the greatest common factor of 2541 and 2331?
21
Calculate the highest common factor of 2145 and 3900.
195
What is the greatest common factor of 617713 and 557?
557
What is the greatest common divisor of 34797 and 525?
21
What is the highest common factor of 8145 and 104799?
543
What is the greatest common factor of 2675 and 507715?
535
What is the greatest common divisor of 308 and 149996?
308
Calculate the greatest common divisor of 107498 and 118.
118
Calculate the highest common divisor of 33756 and 19788.
1164
What is the greatest common factor of 1024 and 320?
64
What is the greatest common divisor of 15875 and 24765?
635
Calculate the greatest common factor of 13485 and 6789.
93
What is the highest common factor of 780 and 4260?
60
What is the highest common divisor of 441 and 3195?
9
What is the highest common divisor of 632 and 553?
79
Calculate the highest common divisor of 117 and 171223.
13
Calculate the greatest common factor of 3740 and 176.
44
What is the greatest common factor of 652 and 26406?
326
Calculate the greatest common divisor of 729108 and 688.
172
Calculate the greatest common factor of 9251 and 34133.
319
What is the greatest common factor of 795 and 17967?
159
Calculate the greatest common divisor of 70 and 133910.
70
Calculate the greatest common factor of 214116 and 238.
14
What is the highest common divisor of 5495290 and 254?
254
Calculate the greatest common factor of 4018 and 1558.
82
What is the greatest common divisor of 32 and 3688?
8
What is the highest common factor of 105363 and 63?
9
What is the greatest common divisor of 296 and 167351?
37
What is the highest common divisor of 1904 and 679?
7
What is the highest common divisor of 2568 and 84?
12
What is the highest common factor of 1739 and 216968?
37
Calculate the greatest common divisor of 688 and 104.
8
Calculate the greatest common divisor of 68 and 24740372.
68
Calculate the greatest common divisor of 5 and 34110.
5
Calculate the greatest common factor of 408771 and 1485.
99
What is the greatest common divisor of 516 and 2924?
172
Calculate the highest common divisor of 34354 and 386.
386
What is the greatest common divisor of 18 and 490662?
18
Calculate the highest common divisor of 16286 and 1054.
34
What is the greatest common factor of 10 and 48390?
10
What is the highest common divisor of 123 and 7339?
41
Calculate the highest common factor of 28768 and 522.
58
What is the greatest common factor of 104 and 15976?
8
Calculate the greatest common divisor of 1027600 and 32.
16
What is the greatest common divisor of 3071 and 6253?
37
Calculate the highest common divisor of 2232555 and 195.
195
Calculate the greatest common divisor of 16 and 23989712.
16
What is the greatest common factor of 557274 and 54?
6
Calculate the highest common factor of 1788 and 229758.
894
What is the highest common divisor of 180 and 141612?
12
Calculate the greatest common factor of 1602 and 35066.
178
What is the greatest common divisor of 24 and 39348?
12
Calculate the greatest common factor of 3029 and 533.
13
What is the highest common factor of 47142 and 12?
6
What is the highest common divisor of 426 and 12774?
6
What is the greatest common factor of 12060 and 6420?
60
Calculate the greatest common divisor of 2847 and 234.
39
What is the greatest common divisor of 949 and 9563?
73
Calculate the highest common divisor of 2305800 and 100.
100
What is the greatest common divisor of 107650 and 50?
50
Calculate the highest common factor of 11016 and 342.
18
Calculate the greatest common divisor of 154379 and 8876.
317
What is the highest common divisor of 8748 and 783?
27
Calculate the greatest common factor of 2495826 and 108.
54
Calculate the greatest common divisor of 9978 and 225.
3
What is the greatest common factor of 5106 and 1863?
69
Calculate the highest common divisor of 186674 and 2.
2
Calculate the highest common divisor of 16698 and 43769.
253
Calculate the highest common factor of 4944382 and 17.
17
Calculate the highest common divisor of 1302 and 917.
7
Calculate the highest common divisor of 2074 and 146642.
34
What is the greatest common divisor of 3192 and 2044?
28
Calculate the highest common factor of 4225 and 18850.
325
Calculate the highest common factor of 791592 and 24.
24
Calculate the greatest common factor of 18004 and 140.
28
Calculate the greatest common factor of 709 and 1624319.
709
Calculate the greatest common divisor of 6080 and 4712.
152
Calculate the highest common factor of 1675 and 79931.
67
What is the greatest common factor of 3649 and 4141?
41
What is the greatest common factor of 99568 and 22736?
784
What is the highest common factor of 1760 and 11806960?
880
What is the highest common factor of 14023 and 40174?
379
What is the highest common divisor of 833 and 154343?
119
Calculate the greatest common divisor of 772 and 197632.
772
Calculate the greatest common factor of 67 and 298619.
67
Calculate the highest common factor of 11281 and 2.
1
What is the greatest common divisor of 138073 and 19?
19
Calculate the greatest common divisor of 1515 and 30.
15
Calculate the highest common divisor of 488 and 413336.
488
What is the highest common factor of 2690 and 358039?
269
What is the highest common divisor of 340 and 250665?
85
What is the highest common divisor of 63 and 83601?
63
What is the greatest common factor of 918 and 432?
54
What is the highest common divisor of 50806 and 13943?
191
What is the greatest common divisor of 11845 and 129265?
515
Calculate the greatest common factor of 12557 and 232.
29
What is the greatest common factor of 982641 and 132?
33
Calculate the highest common factor of 219 and 610645.
73
Calculate the greatest common factor of 3222 and 4654.
358
What is the highest common factor of 5271 and 525?
21
Calculate the greatest common divisor of 56 and 249592.
56
What is the highest common factor of 492 and 53997?
123
Calculate the highest common divisor of 120 and 1328712.
24
What is the greatest common factor of 340 and 80060?
20
What is the greatest common factor of 1948 and 524499?
487
What is the highest common factor of 156 and 236912?
52
What is the highest common factor of 1905648 and 1392?
1392
Calculate the greatest common divisor of 61 and 325.
1
Calculate the highest common divisor of 6170 and 320.
10
What is the highest common divisor of 30328 and 776?
8
Calculate the highest common divisor of 1152263 and 3394.
1697
Calculate the greatest common factor of 742 and 8344.
14
What is the highest common divisor of 574 and 3122?
14
What is the greatest common divisor of 7218 and 198?
18
Calculate the greatest common factor of 36 and 532854.
18
Calculate the highest common divisor of 17484 and 129456.
372
Calculate the highest common factor of 975 and 4.
1
What is the highest common factor of 847966 and 3108?
518
What is the highest common divisor of 200 and 89900?
100
What is the greatest common divisor of 1568 and 2656?
32
Calculate the highest common divisor of 1154536 and 9418.
554
What is the greatest common divisor of 70033 and 944?
59
What is the greatest common divisor of 3626 and 23618?
98
What is the highest common divisor of 200 and 627640?
40
Calculate the greatest common divisor of 584 and 1732436.
292
What is the highest common divisor of 73247 and 13168?
823
Calculate the greatest common divisor of 398 and 376906.
398
Calculate the greatest common divisor of 56743 and 4833.
179
Calculate the greatest common divisor of 657 and 19783.
73
Calculate the greatest common factor of 3077 and 69.
1
Calculate the highest common factor of 817 and 1843.
19
What is the highest common divisor of 133 and 31673?
19
What is the greatest common factor of 33 and 171369?
33
What is the greatest common divisor of 72575 and 25?
25
Calculate the highest common factor of 161139 and 66.
33
Calculate the highest common divisor of 90 and 186075.
45
Calculate the greatest common factor of 56442 and 30.
6
What is the greatest common factor of 17388 and